 - 8*r - 51. Let h(z) = 4*f(z) - 5*g(z). List the prime factors of h(23).
2, 5, 23
Let t(y) be the second derivative of y**5/20 + y**4/12 + 5*y**3/2 - 23*y**2 - 168*y. List the prime factors of t(10).
2, 7, 43
Suppose -5*f - 3 + 8 = 0. Let x(g) = 452*g**2 + 18*g - 17. List the prime factors of x(f).
3, 151
Let p = -55866 + 89224. What are the prime factors of p?
2, 13, 1283
Let y = -5 + 18. Let f = -10 + y. Suppose 5*m - 4*n - 79 = -n, -33 = -3*m - f*n. List the prime factors of m.
2, 7
Suppose 0 = 5*y + 495 + 1810. Let p = y - -801. List the prime factors of p.
2, 5, 17
Let b(u) = 50*u**2 - 55*u + 186. List the prime factors of b(15).
3, 131
Suppose 0 = 2*q - 2*u - 12102, 5*u + 4856 = q - 1211. List the prime factors of q.
6047
Let u(m) = -143*m - 152*m + 283*m + 125. What are the prime factors of u(-28)?
461
Let q(r) = r + 37. Let m be q(-35). List the prime factors of 4/(-6)*(m + -772 - 1).
2, 257
Let o(r) = -r**2 + 35 - 49*r + 6*r + 31*r**2 - r**3. List the prime factors of o(28).
3, 7, 19
List the prime factors of 9358*((-189)/(-108) + 3/(-12)).
3, 4679
What are the prime factors of ((-273051)/(-18) + 25)/(2/4)?
30389
Let k(d) = 95 - 86 - 6*d**3 - d - 5*d**2 + 5*d**3 + 6*d**2. Suppose 0 = 2*c - 7*c. What are the prime factors of k(c)?
3
Let d = -1051 - -1491. What are the prime factors of d?
2, 5, 11
Suppose -31*y - 20 = -32*y. Let d = y + -16. Suppose 0*x + d*x - 20 = 0, x + 34 = k. What are the prime factors of k?
3, 13
Let i(s) = -2*s**2 + 8*s + 2. Let r be i(4). Suppose 0*w - 2436 = -5*w - 2*p, -3*w + r*p = -1468. List the prime factors of w.
2, 61
Suppose 9*v + v + 230 = 0. List the prime factors of (-2)/(-1) + (-16836)/v.
2, 367
Let v = 3151 - -3732. What are the prime factors of v?
6883
Let s(g) = g**3 + 13*g**2 - 31*g - 9. Let d be s(-15). Let u(j) = 5*j + 26 + 4*j**2 + d*j + 5*j**2 - 5*j**2. What are the prime factors of u(-5)?
71
Let h be 2 - -1376 - 1*(3 - 0). Suppose 2*v + 3*n = -76 + 626, 0 = 5*v - 4*n - h. What are the prime factors of ((-5)/(-3) + -1)*(v + -20)?
2, 5, 17
Let l(u) = 5*u - 12. Let p be l(9). Suppose 5*f = -282 - p. Let t = 113 + f. List the prime factors of t.
2, 5
Suppose 9*x - 6*x - 1201 = 5*j, 4*x - 5*j - 1598 = 0. Suppose u - x = 98. List the prime factors of u.
3, 5, 11
Suppose 3 = -9*p + 3. Suppose -3*a + p*a + 18 = 0. List the prime factors of (28*a + 1)/(0 - -1).
13
Suppose 1370 = 6*g - j - 3905, 3*g + 4*j = 2660. What are the prime factors of g?
2, 5, 11
Suppose 66690 + 459857 = -19*p. What are the prime factors of (-8)/(392/p) + 6/14?
2, 283
Suppose 1 = -8*q + 17. Suppose 0 = 2*w + 4*a - 1428, q*a - 96 = -2*w + 1324. List the prime factors of w.
2, 353
Let x(d) = -d**2 + 7*d + 9. Let i = 55 + -45. Suppose 10 = 2*t + 2*l, 4*t - 7 - i = -l. What are the prime factors of x(t)?
3, 7
Suppose 3*v = -5*z + 43 - 19, 0 = z + 5*v - 40. Let y be (2/(-4))/(1/(-36)). Suppose z = -y*f + 1534 + 4154. What are the prime factors of f?
2, 79
Let r be ((-6)/12)/(-1)*4 + 1095. Suppose r = 2*l - 1981. List the prime factors of l.
3, 19
Let u(s) = -18*s**2 - 1246*s + 16. List the prime factors of u(-31).
2, 23, 29
Suppose 6*p - 4 = 4*p, 2*i + 4*p = 34. Suppose 808 = i*g - 2884. What are the prime factors of g?
2, 71
Let l(b) = 3723*b + 3664. What are the prime factors of l(10)?
2, 7, 23, 127
Let g(u) = 13*u - 6 + 1173*u**2 - 5 - 1172*u**2. What are the prime factors of g(6)?
103
Let a be 0 - 0 - (-2)/(-6 + 7). Suppose 3*w - 1080 = 3*l, 6*l + 725 = a*w + 3*l. What are the prime factors of w?
5, 71
Let c = -68517 - -151410. What are the prime factors of c?
3, 27631
Let g be (108/84)/(1/7). Let x be 2202/18 - (-6)/g. Let w = 131 - x. List the prime factors of w.
2
Let r(j) = j + 14. Let l be r(4). Let y = l - 16. What are the prime factors of 431/4 + y/8?
2, 3
Let c(o) = -o**2 + 66*o - 101. Let u be c(20). Suppose h - 201 = 3*y, 4*h + 0*y - u = -3*y. List the prime factors of h.
2, 3, 17
Let u = 137 - -96. Let y = u - -335. List the prime factors of y.
2, 71
Suppose -14*l + 36 = -2*l. Suppose -3*o + 1078 = t, -l*o = -5*t + 84 - 1138. Suppose 3*p = -2*y - 0*p + o, 3*y - p = 515. What are the prime factors of y?
173
Let w = -57 + 60. Suppose 4*s - 78 = w*s. Suppose -11*i - s = -14*i. List the prime factors of i.
2, 13
Suppose -1495860 + 561048 = 35*q - 81*q. What are the prime factors of q?
2, 3, 1129
Let y(d) = -21*d**2 - 3*d + 3. Let s(h) = -41*h**2 - 6*h + 6. Let j(w) = 4*s(w) - 9*y(w). Suppose 3692 - 3515 = 59*k. What are the prime factors of j(k)?
3, 7, 11
Let f(a) = 79*a**3 - a**2 - a + 1. Let w(d) = 2*d**2 + 2*d + 1. Let y be w(2). Let z = y + -12. List the prime factors of f(z).
2, 3, 13
Let s(w) = 4017*w + 413. List the prime factors of s(2).
8447
Let c(q) = q + 36. Let l be c(-31). Suppose u = -l*g + 21 - 6, g = -5*u + 3. Suppose -3*f + 4*f - 4 = 0, g*x = f + 236. List the prime factors of x.
2, 5
What are the prime factors of (3383/3)/(-7 - (-418)/57)?
17, 199
Let n(h) be the third derivative of -23*h**4/2 + 13*h**3/6 + 80*h**2. List the prime factors of n(-1).
17
Let z(l) = -5*l + 220. Let a be z(41). Suppose a*b - 1329 - 8856 = 0. What are the prime factors of b?
7, 97
Let c(y) = -7*y**2 + 529*y + 4. What are the prime factors of c(17)?
2, 11, 317
Suppose 4*b - 2015 = 5045. Suppose -12*y - b = -17*y. Let t = -195 + y. What are the prime factors of t?
2, 79
Let z(f) = f - 1. Let j(a) = -5*a + 17. Let w(k) = j(k) - 5*z(k). Let q be w(5). List the prime factors of (-3)/(-21) - (3720/q + 0).
7, 19
What are the prime factors of 5451/92*(-4768)/(-12)?
2, 79, 149
Let f(x) = 28*x**3 - 14*x**2 - 89*x + 21. List the prime factors of f(12).
3, 15107
Suppose -l + 39 = -36. Let i = l - 73. Suppose i*h - 14 = 152. What are the prime factors of h?
83
Let s(t) = -t**2 - 15*t + 50. Let a be s(-13). Let j(z) = -3*z - 17. Let b be j(-8). Suppose b*v = a + 379. List the prime factors of v.
5, 13
Suppose -26*m - 90 = -35*m. List the prime factors of ((-3412)/6)/(m/(-15)).
853
Suppose -3*c + v + 2873 = 0, 68*c + 2*v - 4781 = 63*c. What are the prime factors of c?
3, 11, 29
Suppose 5*w + 2*c + 66 = 0, -2*w + 2*c = -0*c + 18. Let m be 553/42 + 2/w. Let t = 24 - m. List the prime factors of t.
11
Let t(c) be the first derivative of -c**4/4 - c**3/3 + 196*c + 13. What are the prime factors of t(0)?
2, 7
Let i = -75 + 84. Suppose 4*p + 3*n = 80, i*n + 40 = 2*p + 4*n. List the prime factors of p.
2, 5
Let d(p) = p**2 + 12*p + 32. Let n be d(-9). Suppose 0 = 4*y - 3*u - 1129, -3*u = -n*y + 2376 - 964. List the prime factors of y.
283
Let h(l) = 5*l + 9. Let d be h(-14). Let y = d - -49. Let a(k) = -k**2 - 15*k - 1. What are the prime factors of a(y)?
5, 7
Let f(z) = z**3 + 11*z**2 - 31*z + 17. What are the prime factors of f(-7)?
2, 5, 43
Let y = 46247 - -2228. What are the prime factors of y?
5, 7, 277
Let m(p) = -8*p - 418. Let c(l) = 8*l + 417. Let h(o) = 4*c(o) + 3*m(o). What are the prime factors of h(0)?
2, 3, 23
List the prime factors of (75 + 2583)/((12/61)/4).
2, 61, 443
Let d be (-2431)/(-2) + (1 - (-2)/(-4)). Let b be d/209 - 2/(-11). What are the prime factors of (1 - (-908)/8)/(3/b)?
229
Suppose -5*b + 31*t - 34*t + 299827 = 0, -4*t = -4*b + 239804. What are the prime factors of b?
2, 5, 1499
Suppose s = -2*s + 12. Suppose -s*w = -2*w. Suppose -5*l + 495 = -w*l. List the prime factors of l.
3, 11
Let c be (2 - 0) + (-32)/(-1 - 7). Suppose -2*s + b - 1805 = -3*s, b = -c*s + 10805. What are the prime factors of s?
2, 3, 5
Let a(h) be the first derivative of 9*h**3 - h**2 - 7*h + 9. Let z be a(4). Suppose z = 3*b - 3*o + 8*o, 4*o = 12. List the prime factors of b.
2, 67
Let j(y) = 704*y + 2. Let f be j(-1). List the prime factors of f/(-4) - ((-75)/(-10) - 6).
2, 3, 29
Let g(s) = 2753*s - 1098. What are the prime factors of g(9)?
3, 877
Let t(o) be the third derivative of -o**6/30 - o**5/30 - o**4/12 + 5*o**3/6 + 2*o**2. Suppose -103 = 34*d - 1. List the prime factors of t(d).
101
Let b(d) = 274*d**2 + 13*d - 21. List the prime factors of b(6).
3, 3307
List the prime factors of (10 + -4)/(123/1473376).
2, 1123
Suppose -3*d = 3*h - 17391, -4*h = -4*d - 25880 + 2716. Suppose -h = -6*s - 2044. What are the prime factors of s?
5
Let q be -1 + -4 - (-14 + 0 + -3). Suppose 15496 = q*b + 2236. List the prime factors of b.
5, 13, 17
L